 + 3. Let v be m(-3). Let k = -12 - v. What is the units digit of k?
7
Suppose 6 = -0*h - 3*h, 17 = 3*n + 5*h. Let i = n - 8. Suppose -2*a + 3 = i. What is the units digit of a?
1
Let o(f) be the first derivative of 1/3*f**3 - 2 + 4*f + 5/2*f**2. What is the units digit of o(-5)?
4
Let m = 11 - -23. What is the units digit of m?
4
Let q(r) = r + 3. Let t be q(7). Suppose -o + 4*b = -14, 0 = -2*o + 2*b - 0*b + t. What is the units digit of o?
2
Suppose 0*b + 17 = t - 2*b, -t - 5*b = -10. Suppose 0 = -0*d - 5*d - 5*v + t, 0 = -3*d + 5*v - 7. What is the units digit of d?
1
Suppose -5*x + 46 = -3*p - 94, -4*x + 5*p = -125. What is the units digit of x?
5
Let w(c) = c + 3. Let i be w(3). Let d be (-1 - 7) + 6/i. What is the units digit of (-2)/d + 19/7?
3
Let p be 3*-2*8/(-16). Let d be (2/5)/(2/20). Suppose -p = -3*y - 0*y, y + 59 = d*x. What is the units digit of x?
5
Let s be (-4)/(-3*2/24). Let x = -9 + 5. Let u = x + s. What is the tens digit of u?
1
Let m(x) = x + 73. What is the units digit of m(0)?
3
Suppose 1 = -h - g, 0 - 1 = 2*h + g. Suppose 4*x - 32 = -h. Suppose -2*z + 3 = 3*l - x, -4*l = -5*z - 7. What is the units digit of z?
1
Let r(q) = -5*q. Let x be -4 + 0 - -3*1. What is the units digit of r(x)?
5
Let r be 7*(-6)/2 - 2. Let a = 0 - r. What is the tens digit of a?
2
Suppose -5*w + 137 + 118 = 0. What is the tens digit of w?
5
Suppose 71 - 15 = 4*y. Suppose 3 = -d + y. What is the units digit of d?
1
What is the units digit of 18/8 + (-24)/(-32)?
3
Let t = 1 + 1. Suppose -6 = -t*i + 10. What is the units digit of i?
8
Let n = 14 - 16. Suppose s = 3*o - 10, s - 5 = -4*o + 6. Let u = o - n. What is the units digit of u?
5
Let f(o) = -o**2 - o + 1. Let y(d) = 9*d + 3. Let j(s) = -f(s) - y(s). What is the tens digit of j(11)?
2
Let g(v) = v**2 + 3*v + 1. Let b be g(5). Suppose k - b = 5*u - k, -2*k + 5 = -u. What is the units digit of (3/u)/(2/(-12))?
2
Let n = 2 + 40. What is the tens digit of n?
4
Let o(k) be the second derivative of 0*k**3 - 1/6*k**4 - k**2 - 3/20*k**5 + 3*k + 0. What is the tens digit of o(-2)?
1
Suppose 4 - 42 = -h. Let y be h/(-4)*2 + 1. Let l = -11 - y. What is the units digit of l?
7
Let k be 2/(-8) - 29/(-4). Let n(y) = -4 - k*y + 9 + y + y**2. What is the units digit of n(6)?
5
Let c = 84 - 60. What is the tens digit of c?
2
Suppose -b + 4*r - 18 = 0, -7*r + 5 = -2*r. Let x be (-130)/b - 6/21. Suppose 0 = -2*p + 5*v + 4, 0 = 4*p + 4*v - x - 27. What is the units digit of p?
7
Let y = 111 - 61. What is the tens digit of y?
5
What is the units digit of 18*(5 + -2) - (1 - 0)?
3
Suppose 7 = 4*o - 65. What is the units digit of o?
8
Let h be (-2)/(-4)*56/7. Suppose h*d + d = 135. What is the units digit of d?
7
Let p(h) = -3*h**2 + 2*h - 1. Let u(l) = l**2 - l + 1. Let j be u(0). Let g be p(j). What is the units digit of g*1*3/(-3)?
2
Suppose -24 = 3*u + 2*s + 17, -4*u - 32 = -3*s. What is the units digit of u*-2*3/6?
1
Let a(l) = l + 0*l - 6 + 2*l - 2. What is the units digit of a(7)?
3
Suppose -w - 4*q + 67 = 0, -116 = -6*w + 4*w + q. What is the units digit of w?
9
Let s(t) = t**2 - t + 1. Let w be s(1). Let m(j) = 42*j**2. What is the units digit of m(w)?
2
Let c(b) = b**3 + 9*b**2 - 6*b - 9. Let h be c(-9). What is the units digit of h/12 - (-1)/4?
4
Suppose a = -3*z + 13, -6*z = 5*a - 2*z - 32. Let p(v) = -v + 5. What is the units digit of p(a)?
1
Let l(d) = d - 1. Let h be l(6). Suppose h*k - 40 = k. Let f = k + -5. What is the units digit of f?
5
Let h = 25 + 58. What is the units digit of h?
3
Let d(y) = -y**3 - 3*y**2 - 3*y - 4. Let n be d(-3). Suppose 4*b - 31 = c, 5*b = n*c - 0*c + 35. Suppose 44 = 4*q - b. What is the units digit of q?
3
Suppose 0 = 3*i - j - 101, -4*j + 9*j = -2*i + 73. What is the tens digit of i?
3
Let h(l) = 94*l + 16. What is the hundreds digit of h(2)?
2
Let s(y) = y**2 - 3*y - 7. Let p be s(8). Let v = p - 15. What is the tens digit of v?
1
Let x(h) = h**3 + 6*h**2 + 5*h + 6. Let a be x(-5). Suppose 0 = -3*w + 5*w - a. What is the units digit of w?
3
Let u be ((-16)/(-14))/(-3 - (-115)/35). Let h(c) be the first derivative of c**4/4 - 2*c**3/3 - 2*c**2 - 1. What is the units digit of h(u)?
6
Suppose 0 = -4*f - j + 7, -5*f + 18 + 2 = -j. What is the units digit of f?
3
Let y be 50/8 - (-2)/(-8). Suppose 3*d - y*d = -30. What is the units digit of d?
0
Suppose -2*d + 134 = -5*s, -5*s + 3*d = 4*d + 143. What is the units digit of s/(-6)*15/10?
7
Let a(o) be the third derivative of 1/6*o**3 + 0 + 1/120*o**6 + 0*o - 1/24*o**4 - 2*o**2 + 1/60*o**5. What is the units digit of a(0)?
1
Let r(c) = 2*c**2 + 25*c - 14. What is the units digit of r(-14)?
8
Let c be -1*(2 - 4)/(-1). Let y(z) = 6*z**2 - z + 2. What is the units digit of y(c)?
8
Let o(t) = t**2 - 2*t + 2. Let c be o(3). Suppose -2*d - c*p + 8 + 3 = 0, d - 4*p = -1. What is the units digit of d?
3
Suppose -4*o + 17 = 1. Suppose 0 = -5*k, -16 = -o*q - 0*k - 3*k. What is the units digit of q?
4
Suppose -p = 4*p - 160. Let g = p + -5. What is the units digit of g?
7
Let p be 4/(-10) + (-6)/10. Let j(u) = -2*u**3 - u**2 - 2*u - 1. What is the units digit of j(p)?
2
Suppose 2*o = 4, 5*w + o = 4*o - 11. What is the units digit of -2*w/1 + 25?
7
Let x(c) be the third derivative of c**5/60 + c**4/8 - 2*c**2. Let n be x(-4). Let y = 10 - n. What is the units digit of y?
6
Let z(v) = v**3 + v**2 + 3*v + 54. What is the units digit of z(0)?
4
Let v be 6/4*(-8)/(-12). Suppose 0 = -m + v - 0. What is the units digit of m?
1
Suppose -4*c + 11 = -105. What is the tens digit of c?
2
Suppose -4*g + 2*j + 133 = -229, -5*g = -3*j - 455. Let f = -49 + g. What is the units digit of f?
9
Suppose -3*l = -5*l, -205 = -5*a - l. Suppose 37 + a = 2*u. What is the units digit of u?
9
Let t = -15 - -17. Suppose a + c - 11 = 10, -t*a + 21 = -5*c. What is the tens digit of a?
1
Let o(y) = -y**3 - 3*y**2 + 3*y - 2. Let b be o(-4). Let a(u) = -2*u**2 + 1 + 2 + 8*u - u**3 + 2*u**3 + 9*u**b. What is the units digit of a(-5)?
3
Let s = -18 + 54. What is the units digit of s?
6
Suppose r = 2*r - 3. Suppose -r*j + 60 = -0*j. What is the units digit of j?
0
Suppose -2*t + r = -2*r - 15, 4*r + 20 = -4*t. Let p(v) = v**3 - v**2 + v + 15. What is the units digit of p(t)?
5
Let z(h) = -16*h**3 + h**2 - h + 1. Let k be z(1). What is the units digit of 5/k*(-54)/1?
8
Suppose k = -3*i - 0 - 5, -3*i = 0. Let f(t) = 2*t**2 + 7*t - 1. What is the units digit of f(k)?
4
What is the units digit of (-234)/91*2*-14?
2
Let p be (3 + (-3)/(-3))/1. Let u be (-2)/p + 25/2. Suppose 0 = -w - 3*r - u, -6*r + r - 25 = 0. What is the units digit of w?
3
Let z(m) = 11*m - 3. What is the units digit of z(3)?
0
Suppose -23 = -2*x + 3*t - 2, -t + 3 = 0. Let f = 29 - x. Suppose c = -c + f. What is the units digit of c?
7
Let l be 1/(-2) - (-165)/6. Suppose -5*c - 5*h = -15, 2*c - l = h - 9. What is the units digit of c?
7
Let n = 5 + 0. Suppose -2*j + n*j = 0. What is the units digit of 1/((-1)/(-1 - j))?
1
Let i(x) = -x + 1. Let w(z) = 11*z**2 + 6*z - 5. Let u(k) = 5*i(k) + w(k). What is the tens digit of u(1)?
1
Let n(g) = 2*g**2 - g - 2. Let v be n(2). Let m = 1 - 1. Suppose m*l + 4 = v*l. What is the units digit of l?
1
Suppose 3 = -2*l + 13. Let y = -20 + l. What is the units digit of (-95)/y - (-2)/(-6)?
6
Suppose -p + u + 102 = -u, 104 = p - 3*u. What is the units digit of p?
8
Suppose -6*q + 5*v = -3*q - 514, 2*q + 4*v = 350. What is the units digit of q?
3
What is the tens digit of (-22)/(-3)*((-15)/(-10) - 0)?
1
Let c(a) = a**2 - a. Let d be c(3). Suppose d*z - 3*v = z + 40, z - 8 = -v. What is the units digit of z/3 - (-3)/9?
3
Let m = -12 - -24. Let i(c) = c**2 - 10*c - 13. What is the units digit of i(m)?
1
Suppose 3*d = -d + 148. What is the tens digit of d?
3
What is the tens digit of 105/4 - 3/(-4)?
2
Let z(g) = -4*g**2 + 21*g - 8. Let m(k) = -k**2 + 7*k - 3. Let n(w) = -7*m(w) + 2*z(w). What is the tens digit of n(-6)?
1
Let h be -129 - (4 + -4 + -3). What is the tens digit of (-3)/2 + h/(-4)?
3
Let y be (-4)/(-6)*(-153)/6. Let v = y + 33. What is the units digit of v?
6
Let n = 24 + 0. Suppose -3*c + c = -n. Suppose -2*j = -j + u - c, -2*u = -j + 6. What is the tens digit of j?
1
Suppose -87 + 32 = -5*d. What is the units digit of (-4)/(-22) - (-394)/d?
6
Suppose -5 = 